 l(-9)?
-1069
Let c(i) = -1333*i**3 + 2670*i**2 + 6*i - 26. Determine c(2).
2
Let c(o) = 4926097*o - 9852198. Give c(2).
-4
Let a(l) = 4*l**2 + 1233*l + 37161. Determine a(-34).
-137
Let h(f) = -3*f**2 - 7340*f + 336363. What is h(45)?
-12
Let o(x) = 30398*x + 60344. What is o(-2)?
-452
Let o(z) = -z**3 + 457*z**2 - 4901*z - 2197. Calculate o(446).
33
Let a(j) = j**3 - 224*j**2 + 12548*j - 717. Calculate a(114).
195
Let a(b) = 25*b**3 - 3*b**2 - 14*b - 21. What is a(-3)?
-681
Let m(h) = 11*h**3 - 647*h**2 - 2170*h + 10. Give m(62).
10
Let x(i) = i**2 + 808*i + 9412. Calculate x(-12).
-140
Let v(r) = 2*r**2 - 247*r + 7594. What is v(57)?
13
Let x(z) = 3*z**2 + 155*z - 637. What is x(-44)?
-1649
Let l(i) = -8665*i - 17544. Determine l(-2).
-214
Let l(x) = x**2 + 296*x + 4301. Determine l(-22).
-1727
Let p(z) = 122*z**2 + 1315*z + 238. Determine p(-11).
535
Let d(r) = 178*r - 2314. Determine d(10).
-534
Let j(c) = c**2 - 8*c - 150. Calculate j(-8).
-22
Let z(j) = -833903*j + 10006813. Give z(12).
-23
Let t(g) = g**3 - 15*g**2 - 47*g + 1157. Give t(18).
1283
Let r(v) = 5*v**2 + 87*v - 3126. Give r(27).
2868
Let d(o) = 94*o - 4434. Determine d(49).
172
Let q(x) = -304423*x**2 + 304437*x - 1. What is q(1)?
13
Let s(a) = -4*a**3 - 6*a**2 + 108*a + 253. Give s(-2).
45
Let i(o) = 1416*o - 178346. What is i(126)?
70
Let i(c) = -40*c**2 + 730*c - 2688. Give i(13).
42
Let t(h) = 816265*h - 11427720. Determine t(14).
-10
Let o(d) = 680*d - 20666. Calculate o(30).
-266
Let x(c) = -1192*c**2 - 9535*c - 23. Give x(-8).
-31
Let v(i) = 5*i**2 - 17090*i - 137043. What is v(-8)?
-3
Let s(o) = 11923*o - 143065. Determine s(12).
11
Let y(h) = 31*h**2 - 905*h + 4933. Determine y(6).
619
Let b(n) = -55885*n - 558843. Give b(-10).
7
Let d(p) = -26*p**2 - 3829*p + 652. What is d(-148)?
-2160
Let g(a) = -12*a**2 + 1255*a + 15897. Give g(116).
5
Let w(z) = -430*z**2 - 32*z - 121. Calculate w(-4).
-6873
Let o(j) = -j**2 + 49*j - 175. Calculate o(44).
45
Let h(i) = 533*i**2 + 1008*i - 1992. Calculate h(2).
2156
Let v(s) = 18776*s + 2666189. What is v(-142)?
-3
Let l(c) = -184*c - 972. Give l(-9).
684
Let y(b) = -410*b - 42489. Determine y(-104).
151
Let t(f) = 515509*f + 8248151. What is t(-16)?
7
Let f(q) = q**2 + 16159*q - 15928811. Give f(932).
1
Let n(w) = -2*w**2 - 6138*w + 30664. Calculate n(5).
-76
Let u(o) = o**3 - 120*o**2 + 914*o - 2011. Calculate u(112).
5
Let h(y) = 4386*y + 70629. What is h(-16)?
453
Let j(i) = 131*i + 16847. What is j(-128)?
79
Let o(h) = -157*h**2 + 499*h + 36. What is o(4)?
-480
Let j(x) = 23*x**2 + 299*x + 68. Determine j(-12).
-208
Let g(r) = -r**3 - 28*r**2 + 180*r - 226. Give g(4).
-18
Let x(q) = -q**2 + 135*q - 274. Determine x(2).
-8
Let q(i) = 218*i + 844. What is q(-3)?
190
Let x(m) = 24187*m - 168966. Calculate x(7).
343
Let r(b) = 2*b**3 + 11*b**2 - 109*b - 821. Determine r(-7).
-205
Let d(l) = -14*l**2 + 397*l + 162. Give d(30).
-528
Let r(a) = 3*a**2 + 471*a - 9923. Determine r(21).
1291
Let q(m) = 1052*m + 68076. Give q(-65).
-304
Let k(t) = 4*t**3 + 87*t**2 + 68*t + 126. Calculate k(-21).
21
Let y(q) = -3036*q - 27289. Calculate y(-9).
35
Let f(d) = -5*d**2 + 978*d - 1087. Calculate f(194).
465
Let j(c) = 40766*c + 937593. Calculate j(-23).
-25
Let s(r) = 54*r**3 + 24*r**2 - 17*r - 8. What is s(1)?
53
Let v(u) = -5*u**2 + 213*u - 49. What is v(44)?
-357
Let q(m) = -9137*m + 9074. Give q(1).
-63
Let l(c) = -353*c**2 + 53331*c - 4193. What is l(151)?
35
Let j(p) = 2*p**2 - 6958*p + 34746. Determine j(5).
6
Let n(m) = 223*m - 18129. Give n(83).
380
Let y(s) = 6566*s - 269180. Give y(41).
26
Let h(o) = 325*o + 996. Give h(-4).
-304
Let h(o) = -o**2 + 254*o + 17466. Give h(-56).
106
Let q(g) = -6*g**3 + 7770*g**2 - 15*g + 19427. Calculate q(1295).
2
Let j(y) = 4*y**3 + 6*y**2 + 305*y - 2922. Determine j(6).
-12
Let a(j) = 370*j + 69930. What is a(-193)?
-1480
Let p(u) = -u**3 + 12*u**2 + 339*u - 178. What is p(-14)?
172
Let w(s) = -8*s**2 + 89*s + 97. Determine w(6).
343
Let x(t) = -1212*t + 92874. Determine x(79).
-2874
Let a(s) = s**3 - 71*s**2 + 4*s - 99. Determine a(71).
185
Let l(r) = r**3 + 29*r**2 - 3102*r + 17359. Calculate l(6).
7
Let d(b) = -27*b**2 - 861*b + 22. Give d(-32).
-74
Let c(i) = -i**3 + 333*i**2 + 4155*i + 178. Determine c(-12).
-2
Let x(c) = c**3 - 422*c**2 + 36*c - 194133. What is x(423)?
24
Let m(f) = 2*f**2 + 107*f + 1352. Give m(-21).
-13
Let r(x) = 303*x - 50162. What is r(166)?
136
Let l(s) = 3*s**3 - 11*s**2 + 14*s + 202. Calculate l(-7).
-1464
Let d(p) = 2*p**3 + 1388*p**2 + 301*p + 208873. What is d(-694)?
-21
Let p(c) = -90*c**2 - 44*c - 142. Determine p(-3).
-820
Let g(d) = -d**3 + 181*d**2 - 3504*d + 945. Calculate g(159).
-9
Let s(v) = v**2 - 8459*v - 408342. What is s(-48)?
-6
Let z(s) = -2*s**3 - 16*s**2 - 27*s + 20. Calculate z(-6).
38
Let u(n) = 5*n**2 + 337*n + 1565. Give u(-5).
5
Let j(b) = b**2 - 770*b + 135657. Give j(494).
-687
Let u(l) = -2*l**3 + 1276*l**2 - 6279*l - 32280. Calculate u(633).
3
Let s(q) = 799*q + 47846. Calculate s(-60).
-94
Let i(v) = 3*v**2 + 169*v + 122. Give i(-46).
-1304
Let b(w) = -w**2 - 553*w + 147755. Calculate b(-750).
5
Let j(x) = -881433*x + 12340058. Determine j(14).
-4
Let h(n) = -191*n - 1497. Determine h(-10).
413
Let f(p) = -204782*p + 14744294. Determine f(72).
-10
Let a(t) = -t**3 + 33*t**2 - 255*t + 983. What is a(24)?
47
Let q(s) = -108*s - 8480. What is q(-80)?
160
Let u(x) = 2457*x - 32688. Determine u(13).
-747
Let k(h) = 2*h**2 + 1501*h - 24097. What is k(16)?
431
Let f(h) = -h**3 - 467*h**2 + 1560*h + 70481. Determine f(-470).
-19
Let n(a) = 278*a - 2987. Determine n(11).
71
Let c(h) = 22*h**3 + 926*h**2 + 94*h + 427. Calculate c(-42).
7
Let k(o) = -o**2 + 1152*o - 25610. Give k(23).
357
Let n(c) = 212*c**2 + 1525*c + 43. What is n(-7)?
-244
Let z(k) = -12*k**2 - 130*k + 2060. Calculate z(11).
-822
Let c(v) = v**3 + 28*v**2 - 4185*v - 126855. Determine c(-31).
-3
Let k(i) = -i**2 + 611*i + 9851. Calculate k(-16).
-181
Let j(c) = c**3 + 85*c**2 - 857*c + 112. Give j(9).
13
Let h(w) = -28*w**2 + 11320*w + 30871. Calculate h(407).
-61
Let a(d) = -138*d**2 + 20567*d - 755. Determine a(149).
-10
Let z(o) = -o**2 - 4989*o - 450513. Give z(-92).
11
Let u(s) = -16*s**2 + 93*s - 160. Calculate u(2).
-38
Let f(a) = -4*a**2 - 417*a - 366. Calculate f(-103).
149
Let g(a) = a**3 + 122*a**2 - 3*a - 540. Calculate g(-122).
-174
Let m(y) = -29*y + 3856. Determine m(93).
1159
Let d(s) = 7576*s - 23337. Determine d(3).
-609
Let w(g) = -16*g**3 - 140*g**2 + 13*g + 147. Give w(-9).
354
Let v(d) = 21*d**2 - 148*d + 232. What is v(4)?
-24
Let s(p) = 770*p**2 - 20017*p - 68. What is s(26)?
10
Let w(z) = -25*z**3 + 43*z**2 - 160*z - 148. What is w(7)?
-7736
Let b(r) = 112*r**2 + 237*r - 22. Give b(-4).
822
Let q(d) = 3*d**3 + 86*d**2 + 186*d + 1267. What is q(-27)?
-110
Let t(h) = 104*h + 6259. What is t(-59)?
123
Let k(o) = 9*o**3 + 46*o**2 - 58*o + 6. Calculate k(2).
146
Let n(t) = -10*t**2 + 285683*t + 1428669. Calculate n(-5).
4
Let i(y) = 9*y**2 + 88190*y + 176380. Calculate i(-2).
36
Let v(y) = -2*y**3 - 299*y**2 + 165*y - 2954. Determine v(-150).
-5204
Let h(u) = 789*u**2 + 148329*u - 561. What is h(-188)?
3
Let i(u) = u**2 - 30384*u - 303944. What is i(-10)?
-4
Let p(u) = 399*u**2 - 2015*u + 141. Calculate p(5).
41
Let a(x) = -481*x**2 - 12100*x - 13340. Calculate a(-24).
4
Let q(z) = 966*z - 23299. Determine q(24).
-115
Let a(g) = g**2 - 55*g + 303. Give a(47).
-73
Let a(f) = -1341*f**2 - 22*f - 22. What is a(-1)?
-1341
Let i(z) = -147091*z - 8825456. Determine i(-60).
4
Let z(k) = -3*k**2 - 1974*k - 7885. Determine z(-4).
-37
Let h(s) = -69*s**3 - 18*s**2 + 194*s + 211. Give h(-1).
68
Let k(m) = -81*m**2 - 238*m + 219. Determine k(-3).
204
Let j(t) = 24*t**3 - 9*t**2 + 30*t - 94. Calculate j(4).
1418
Let z(r) = -1401*r - 37083. Determine z(-27).
744
Let n(i) = -6*i**3 - 296*i**2 + 168*i + 66. Determine n(-50).
1666
Let k(b) = b**2 + 106999*b + 428007. Determine k(-4).
27
Let z(m) = 83*m + 1273. Calculate z(-29).
-1134
Let z(m) = m**3 - 10*m**2 - 157*m + 1208. Determine z(7).
-38
Let b(a) = -161742*a + 1779183. Calculate b(11).
21
Let q(z) = z**3 - 8*z**2 - 194*z + 1336. What is q(7)?
-71
Let a(m) = 504*m**3 + 206638*m**2 - 824*m - 1651. Give a(-410).
-1